{"id":288,"date":"2024-05-19T18:05:26","date_gmt":"2024-05-19T18:05:26","guid":{"rendered":"https:\/\/salthish.es\/?page_id=288"},"modified":"2024-09-30T13:41:02","modified_gmt":"2024-09-30T13:41:02","slug":"fototeca","status":"publish","type":"page","link":"https:\/\/salthish.es\/index.php\/fototeca\/","title":{"rendered":"Fototeca 2024"},"content":{"rendered":"\n<div class=\"wp-block-group alignwide has-global-padding is-layout-constrained wp-block-group-is-layout-constrained\">\n<div class=\"wp-block-group alignwide is-nowrap is-layout-flex wp-container-core-group-is-layout-3a88641f wp-block-group-is-layout-flex\">\n<div class=\"wp-block-media-text is-stacked-on-mobile\" style=\"grid-template-columns:30% auto\"><figure class=\"wp-block-media-text__media\"><img loading=\"lazy\" decoding=\"async\" width=\"1024\" height=\"1024\" src=\"https:\/\/salthish.es\/wp-content\/uploads\/2024\/05\/CARTEL-1-1024x1024.jpg\" alt=\"\" class=\"wp-image-436 size-full\" srcset=\"https:\/\/salthish.es\/wp-content\/uploads\/2024\/05\/CARTEL-1-1024x1024.jpg 1024w, https:\/\/salthish.es\/wp-content\/uploads\/2024\/05\/CARTEL-1-300x300.jpg 300w, https:\/\/salthish.es\/wp-content\/uploads\/2024\/05\/CARTEL-1-150x150.jpg 150w, https:\/\/salthish.es\/wp-content\/uploads\/2024\/05\/CARTEL-1-768x768.jpg 768w, https:\/\/salthish.es\/wp-content\/uploads\/2024\/05\/CARTEL-1-1536x1536.jpg 1536w, https:\/\/salthish.es\/wp-content\/uploads\/2024\/05\/CARTEL-1.jpg 2048w\" sizes=\"auto, (max-width: 1024px) 100vw, 1024px\" \/><\/figure><div class=\"wp-block-media-text__content\">\n<p class=\"wp-block-paragraph\">Cto. Andaluc\u00eda de Barcos combinados.<\/p>\n\n\n\n<p class=\"wp-block-paragraph\">21 de septiembre de 2024.<\/p>\n\n\n\n<p class=\"wp-block-paragraph\">C. E. A. R. \u00abLa Cartuja\u00bb &#8211; Sevilla<\/p>\n<\/div><\/div>\n\n\n\n<div class=\"wp-block-media-text is-stacked-on-mobile\" style=\"grid-template-columns:30% auto\"><figure class=\"wp-block-media-text__media\"><img loading=\"lazy\" decoding=\"async\" width=\"709\" height=\"1024\" src=\"https:\/\/salthish.es\/wp-content\/uploads\/2024\/09\/CARTEL-TROFEO-PARACANOE-ADRIAN-MARTINEZ-2024-709x1024.jpg\" alt=\"\" class=\"wp-image-727 size-full\" srcset=\"https:\/\/salthish.es\/wp-content\/uploads\/2024\/09\/CARTEL-TROFEO-PARACANOE-ADRIAN-MARTINEZ-2024-709x1024.jpg 709w, https:\/\/salthish.es\/wp-content\/uploads\/2024\/09\/CARTEL-TROFEO-PARACANOE-ADRIAN-MARTINEZ-2024-208x300.jpg 208w, https:\/\/salthish.es\/wp-content\/uploads\/2024\/09\/CARTEL-TROFEO-PARACANOE-ADRIAN-MARTINEZ-2024.jpg 720w\" sizes=\"auto, (max-width: 709px) 100vw, 709px\" \/><\/figure><div class=\"wp-block-media-text__content\">\n<p class=\"has-text-align-left wp-block-paragraph\">VI Open de Espa\u00f1a Paracanoe<\/p>\n\n\n\n<p class=\"wp-block-paragraph\">28 de septiembre de 2024.<\/p>\n\n\n\n<p class=\"wp-block-paragraph\">Club Escuela Pirag\u00fcismo Aranjuez<\/p>\n<\/div><\/div>\n<\/div>\n<\/div>\n","protected":false},"excerpt":{"rendered":"<p>Cto. Andaluc\u00eda de Barcos combinados. 21 de septiembre de 2024. C. E. A. R. \u00abLa Cartuja\u00bb &#8211; Sevilla VI Open de Espa\u00f1a Paracanoe 28 de septiembre de 2024. Club Escuela Pirag\u00fcismo Aranjuez<\/p>\n","protected":false},"author":1,"featured_media":0,"parent":0,"menu_order":0,"comment_status":"closed","ping_status":"closed","template":"","meta":{"footnotes":""},"class_list":["post-288","page","type-page","status-publish","hentry"],"yoast_head":"<!-- This site is optimized with the Yoast SEO plugin v28.3 - https:\/\/yoast.com\/product\/yoast-seo-wordpress\/ -->\n<title>Fototeca 2024 - CLUB PIRAG\u00dcISMO SALTHISH PUNTA UMBR\u00cdA<\/title>\n<meta name=\"robots\" content=\"index, follow, max-snippet:-1, max-image-preview:large, max-video-preview:-1\" \/>\n<link rel=\"canonical\" href=\"https:\/\/salthish.es\/index.php\/fototeca\/\" \/>\n<meta property=\"og:locale\" content=\"es_ES\" \/>\n<meta property=\"og:type\" content=\"article\" \/>\n<meta property=\"og:title\" content=\"Fototeca 2024 - CLUB PIRAG\u00dcISMO SALTHISH PUNTA UMBR\u00cdA\" \/>\n<meta property=\"og:description\" content=\"Cto. Andaluc\u00eda de Barcos combinados. 21 de septiembre de 2024. C. E. A. R. \u00abLa Cartuja\u00bb &#8211; Sevilla VI Open de Espa\u00f1a Paracanoe 28 de septiembre de 2024. Club Escuela Pirag\u00fcismo Aranjuez\" \/>\n<meta property=\"og:url\" content=\"https:\/\/salthish.es\/index.php\/fototeca\/\" \/>\n<meta property=\"og:site_name\" content=\"CLUB PIRAG\u00dcISMO SALTHISH PUNTA UMBR\u00cdA\" \/>\n<meta property=\"article:modified_time\" content=\"2024-09-30T13:41:02+00:00\" \/>\n<meta property=\"og:image\" content=\"https:\/\/salthish.es\/wp-content\/uploads\/2024\/05\/CARTEL-1-1024x1024.jpg\" \/>\n<meta name=\"twitter:card\" content=\"summary_large_image\" \/>\n<meta name=\"twitter:label1\" content=\"Tiempo de lectura\" \/>\n\t<meta name=\"twitter:data1\" content=\"1 minuto\" \/>\n<script type=\"application\/ld+json\" class=\"yoast-schema-graph\">{\"@context\":\"https:\\\/\\\/schema.org\",\"@graph\":[{\"@type\":\"WebPage\",\"@id\":\"https:\\\/\\\/salthish.es\\\/index.php\\\/fototeca\\\/\",\"url\":\"https:\\\/\\\/salthish.es\\\/index.php\\\/fototeca\\\/\",\"name\":\"Fototeca 2024 - CLUB PIRAG\u00dcISMO SALTHISH PUNTA UMBR\u00cdA\",\"isPartOf\":{\"@id\":\"https:\\\/\\\/salthish.es\\\/#website\"},\"primaryImageOfPage\":{\"@id\":\"https:\\\/\\\/salthish.es\\\/index.php\\\/fototeca\\\/#primaryimage\"},\"image\":{\"@id\":\"https:\\\/\\\/salthish.es\\\/index.php\\\/fototeca\\\/#primaryimage\"},\"thumbnailUrl\":\"https:\\\/\\\/salthish.es\\\/wp-content\\\/uploads\\\/2024\\\/05\\\/CARTEL-1-1024x1024.jpg\",\"datePublished\":\"2024-05-19T18:05:26+00:00\",\"dateModified\":\"2024-09-30T13:41:02+00:00\",\"breadcrumb\":{\"@id\":\"https:\\\/\\\/salthish.es\\\/index.php\\\/fototeca\\\/#breadcrumb\"},\"inLanguage\":\"es\",\"potentialAction\":[{\"@type\":\"ReadAction\",\"target\":[\"https:\\\/\\\/salthish.es\\\/index.php\\\/fototeca\\\/\"]}]},{\"@type\":\"ImageObject\",\"inLanguage\":\"es\",\"@id\":\"https:\\\/\\\/salthish.es\\\/index.php\\\/fototeca\\\/#primaryimage\",\"url\":\"https:\\\/\\\/salthish.es\\\/wp-content\\\/uploads\\\/2024\\\/05\\\/CARTEL-1.jpg\",\"contentUrl\":\"https:\\\/\\\/salthish.es\\\/wp-content\\\/uploads\\\/2024\\\/05\\\/CARTEL-1.jpg\",\"width\":2048,\"height\":2048},{\"@type\":\"BreadcrumbList\",\"@id\":\"https:\\\/\\\/salthish.es\\\/index.php\\\/fototeca\\\/#breadcrumb\",\"itemListElement\":[{\"@type\":\"ListItem\",\"position\":1,\"name\":\"Portada\",\"item\":\"https:\\\/\\\/salthish.es\\\/\"},{\"@type\":\"ListItem\",\"position\":2,\"name\":\"Fototeca 2024\"}]},{\"@type\":\"WebSite\",\"@id\":\"https:\\\/\\\/salthish.es\\\/#website\",\"url\":\"https:\\\/\\\/salthish.es\\\/\",\"name\":\"CLUB PIRAG\u00dcISMO SALTHISH PUNTA UMBR\u00cdA\",\"description\":\"Club destinado a la  practica, ense\u00f1anza y actividades del pirag\u00fcismo\",\"publisher\":{\"@id\":\"https:\\\/\\\/salthish.es\\\/#organization\"},\"potentialAction\":[{\"@type\":\"SearchAction\",\"target\":{\"@type\":\"EntryPoint\",\"urlTemplate\":\"https:\\\/\\\/salthish.es\\\/?s={search_term_string}\"},\"query-input\":{\"@type\":\"PropertyValueSpecification\",\"valueRequired\":true,\"valueName\":\"search_term_string\"}}],\"inLanguage\":\"es\"},{\"@type\":\"Organization\",\"@id\":\"https:\\\/\\\/salthish.es\\\/#organization\",\"name\":\"CLUB PIRAG\u00dcISMO SALTHISH PUNTA UMBR\u00cdA\",\"url\":\"https:\\\/\\\/salthish.es\\\/\",\"logo\":{\"@type\":\"ImageObject\",\"inLanguage\":\"es\",\"@id\":\"https:\\\/\\\/salthish.es\\\/#\\\/schema\\\/logo\\\/image\\\/\",\"url\":\"https:\\\/\\\/salthish.es\\\/wp-content\\\/uploads\\\/2024\\\/05\\\/Logo-Monocromo.png\",\"contentUrl\":\"https:\\\/\\\/salthish.es\\\/wp-content\\\/uploads\\\/2024\\\/05\\\/Logo-Monocromo.png\",\"width\":352,\"height\":352,\"caption\":\"CLUB PIRAG\u00dcISMO SALTHISH PUNTA UMBR\u00cdA\"},\"image\":{\"@id\":\"https:\\\/\\\/salthish.es\\\/#\\\/schema\\\/logo\\\/image\\\/\"}}]}<\/script>\n<!-- \/ Yoast SEO plugin. -->","yoast_head_json":{"title":"Fototeca 2024 - CLUB PIRAG\u00dcISMO SALTHISH PUNTA UMBR\u00cdA","robots":{"index":"index","follow":"follow","max-snippet":"max-snippet:-1","max-image-preview":"max-image-preview:large","max-video-preview":"max-video-preview:-1"},"canonical":"https:\/\/salthish.es\/index.php\/fototeca\/","og_locale":"es_ES","og_type":"article","og_title":"Fototeca 2024 - CLUB PIRAG\u00dcISMO SALTHISH PUNTA UMBR\u00cdA","og_description":"Cto. Andaluc\u00eda de Barcos combinados. 21 de septiembre de 2024. C. E. A. R. \u00abLa Cartuja\u00bb &#8211; Sevilla VI Open de Espa\u00f1a Paracanoe 28 de septiembre de 2024. Club Escuela Pirag\u00fcismo Aranjuez","og_url":"https:\/\/salthish.es\/index.php\/fototeca\/","og_site_name":"CLUB PIRAG\u00dcISMO SALTHISH PUNTA UMBR\u00cdA","article_modified_time":"2024-09-30T13:41:02+00:00","og_image":[{"url":"https:\/\/salthish.es\/wp-content\/uploads\/2024\/05\/CARTEL-1-1024x1024.jpg","type":"","width":"","height":""}],"twitter_card":"summary_large_image","twitter_misc":{"Tiempo de lectura":"1 minuto"},"schema":{"@context":"https:\/\/schema.org","@graph":[{"@type":"WebPage","@id":"https:\/\/salthish.es\/index.php\/fototeca\/","url":"https:\/\/salthish.es\/index.php\/fototeca\/","name":"Fototeca 2024 - CLUB PIRAG\u00dcISMO SALTHISH PUNTA UMBR\u00cdA","isPartOf":{"@id":"https:\/\/salthish.es\/#website"},"primaryImageOfPage":{"@id":"https:\/\/salthish.es\/index.php\/fototeca\/#primaryimage"},"image":{"@id":"https:\/\/salthish.es\/index.php\/fototeca\/#primaryimage"},"thumbnailUrl":"https:\/\/salthish.es\/wp-content\/uploads\/2024\/05\/CARTEL-1-1024x1024.jpg","datePublished":"2024-05-19T18:05:26+00:00","dateModified":"2024-09-30T13:41:02+00:00","breadcrumb":{"@id":"https:\/\/salthish.es\/index.php\/fototeca\/#breadcrumb"},"inLanguage":"es","potentialAction":[{"@type":"ReadAction","target":["https:\/\/salthish.es\/index.php\/fototeca\/"]}]},{"@type":"ImageObject","inLanguage":"es","@id":"https:\/\/salthish.es\/index.php\/fototeca\/#primaryimage","url":"https:\/\/salthish.es\/wp-content\/uploads\/2024\/05\/CARTEL-1.jpg","contentUrl":"https:\/\/salthish.es\/wp-content\/uploads\/2024\/05\/CARTEL-1.jpg","width":2048,"height":2048},{"@type":"BreadcrumbList","@id":"https:\/\/salthish.es\/index.php\/fototeca\/#breadcrumb","itemListElement":[{"@type":"ListItem","position":1,"name":"Portada","item":"https:\/\/salthish.es\/"},{"@type":"ListItem","position":2,"name":"Fototeca 2024"}]},{"@type":"WebSite","@id":"https:\/\/salthish.es\/#website","url":"https:\/\/salthish.es\/","name":"CLUB PIRAG\u00dcISMO SALTHISH PUNTA UMBR\u00cdA","description":"Club destinado a la  practica, ense\u00f1anza y actividades del pirag\u00fcismo","publisher":{"@id":"https:\/\/salthish.es\/#organization"},"potentialAction":[{"@type":"SearchAction","target":{"@type":"EntryPoint","urlTemplate":"https:\/\/salthish.es\/?s={search_term_string}"},"query-input":{"@type":"PropertyValueSpecification","valueRequired":true,"valueName":"search_term_string"}}],"inLanguage":"es"},{"@type":"Organization","@id":"https:\/\/salthish.es\/#organization","name":"CLUB PIRAG\u00dcISMO SALTHISH PUNTA UMBR\u00cdA","url":"https:\/\/salthish.es\/","logo":{"@type":"ImageObject","inLanguage":"es","@id":"https:\/\/salthish.es\/#\/schema\/logo\/image\/","url":"https:\/\/salthish.es\/wp-content\/uploads\/2024\/05\/Logo-Monocromo.png","contentUrl":"https:\/\/salthish.es\/wp-content\/uploads\/2024\/05\/Logo-Monocromo.png","width":352,"height":352,"caption":"CLUB PIRAG\u00dcISMO SALTHISH PUNTA UMBR\u00cdA"},"image":{"@id":"https:\/\/salthish.es\/#\/schema\/logo\/image\/"}}]}},"jetpack_sharing_enabled":true,"_links":{"self":[{"href":"https:\/\/salthish.es\/index.php\/wp-json\/wp\/v2\/pages\/288","targetHints":{"allow":["GET"]}}],"collection":[{"href":"https:\/\/salthish.es\/index.php\/wp-json\/wp\/v2\/pages"}],"about":[{"href":"https:\/\/salthish.es\/index.php\/wp-json\/wp\/v2\/types\/page"}],"author":[{"embeddable":true,"href":"https:\/\/salthish.es\/index.php\/wp-json\/wp\/v2\/users\/1"}],"replies":[{"embeddable":true,"href":"https:\/\/salthish.es\/index.php\/wp-json\/wp\/v2\/comments?post=288"}],"version-history":[{"count":15,"href":"https:\/\/salthish.es\/index.php\/wp-json\/wp\/v2\/pages\/288\/revisions"}],"predecessor-version":[{"id":729,"href":"https:\/\/salthish.es\/index.php\/wp-json\/wp\/v2\/pages\/288\/revisions\/729"}],"wp:attachment":[{"href":"https:\/\/salthish.es\/index.php\/wp-json\/wp\/v2\/media?parent=288"}],"curies":[{"name":"wp","href":"https:\/\/api.w.org\/{rel}","templated":true}]}}

<div class="wp-block-group alignwide has-global-padding is-layout-constrained wp-block-group-is-layout-constrained">
<div class="wp-block-group alignwide is-nowrap is-layout-flex wp-container-core-group-is-layout-3a88641f wp-block-group-is-layout-flex">
<div class="wp-block-media-text is-stacked-on-mobile" style="grid-template-columns:30% auto"><figure class="wp-block-media-text__media"><img loading="lazy" decoding="async" width="1024" height="1024" src="https://salthish.es/wp-content/uploads/2024/05/CARTEL-1-1024x1024.jpg" alt="" class="wp-image-436 size-full" srcset="https://salthish.es/wp-content/uploads/2024/05/CARTEL-1-1024x1024.jpg 1024w, https://salthish.es/wp-content/uploads/2024/05/CARTEL-1-300x300.jpg 300w, https://salthish.es/wp-content/uploads/2024/05/CARTEL-1-150x150.jpg 150w, https://salthish.es/wp-content/uploads/2024/05/CARTEL-1-768x768.jpg 768w, https://salthish.es/wp-content/uploads/2024/05/CARTEL-1-1536x1536.jpg 1536w, https://salthish.es/wp-content/uploads/2024/05/CARTEL-1.jpg 2048w" sizes="auto, (max-width: 1024px) 100vw, 1024px" /></figure><div class="wp-block-media-text__content">
<p class="wp-block-paragraph">Cto. Andalucía de Barcos combinados.</p>



<p class="wp-block-paragraph">21 de septiembre de 2024.</p>



<p class="wp-block-paragraph">C. E. A. R. «La Cartuja» &#8211; Sevilla</p>
</div></div>



<div class="wp-block-media-text is-stacked-on-mobile" style="grid-template-columns:30% auto"><figure class="wp-block-media-text__media"><img loading="lazy" decoding="async" width="709" height="1024" src="https://salthish.es/wp-content/uploads/2024/09/CARTEL-TROFEO-PARACANOE-ADRIAN-MARTINEZ-2024-709x1024.jpg" alt="" class="wp-image-727 size-full" srcset="https://salthish.es/wp-content/uploads/2024/09/CARTEL-TROFEO-PARACANOE-ADRIAN-MARTINEZ-2024-709x1024.jpg 709w, https://salthish.es/wp-content/uploads/2024/09/CARTEL-TROFEO-PARACANOE-ADRIAN-MARTINEZ-2024-208x300.jpg 208w, https://salthish.es/wp-content/uploads/2024/09/CARTEL-TROFEO-PARACANOE-ADRIAN-MARTINEZ-2024.jpg 720w" sizes="auto, (max-width: 709px) 100vw, 709px" /></figure><div class="wp-block-media-text__content">
<p class="has-text-align-left wp-block-paragraph">VI Open de España Paracanoe</p>



<p class="wp-block-paragraph">28 de septiembre de 2024.</p>



<p class="wp-block-paragraph">Club Escuela Piragüismo Aranjuez</p>
</div></div>
</div>
</div>

<p>Cto. Andalucía de Barcos combinados. 21 de septiembre de 2024. C. E. A. R. «La Cartuja» &#8211; Sevilla VI Open de España Paracanoe 28 de septiembre de 2024. Club Escuela Piragüismo Aranjuez</p>

<!-- This site is optimized with the Yoast SEO plugin v28.3 - https://yoast.com/product/yoast-seo-wordpress/ -->
<title>Fototeca 2024 - CLUB PIRAGÜISMO SALTHISH PUNTA UMBRÍA</title>
<meta name="robots" content="index, follow, max-snippet:-1, max-image-preview:large, max-video-preview:-1" />
<link rel="canonical" href="https://salthish.es/index.php/fototeca/" />
<meta property="og:locale" content="es_ES" />
<meta property="og:type" content="article" />
<meta property="og:title" content="Fototeca 2024 - CLUB PIRAGÜISMO SALTHISH PUNTA UMBRÍA" />
<meta property="og:description" content="Cto. Andalucía de Barcos combinados. 21 de septiembre de 2024. C. E. A. R. «La Cartuja» &#8211; Sevilla VI Open de España Paracanoe 28 de septiembre de 2024. Club Escuela Piragüismo Aranjuez" />
<meta property="og:url" content="https://salthish.es/index.php/fototeca/" />
<meta property="og:site_name" content="CLUB PIRAGÜISMO SALTHISH PUNTA UMBRÍA" />
<meta property="article:modified_time" content="2024-09-30T13:41:02+00:00" />
<meta property="og:image" content="https://salthish.es/wp-content/uploads/2024/05/CARTEL-1-1024x1024.jpg" />
<meta name="twitter:card" content="summary_large_image" />
<meta name="twitter:label1" content="Tiempo de lectura" />
	<meta name="twitter:data1" content="1 minuto" />
<script type="application/ld+json" class="yoast-schema-graph">{"@context":"https:\/\/schema.org","@graph":[{"@type":"WebPage","@id":"https:\/\/salthish.es\/index.php\/fototeca\/","url":"https:\/\/salthish.es\/index.php\/fototeca\/","name":"Fototeca 2024 - CLUB PIRAGÜISMO SALTHISH PUNTA UMBRÍA","isPartOf":{"@id":"https:\/\/salthish.es\/#website"},"primaryImageOfPage":{"@id":"https:\/\/salthish.es\/index.php\/fototeca\/#primaryimage"},"image":{"@id":"https:\/\/salthish.es\/index.php\/fototeca\/#primaryimage"},"thumbnailUrl":"https:\/\/salthish.es\/wp-content\/uploads\/2024\/05\/CARTEL-1-1024x1024.jpg","datePublished":"2024-05-19T18:05:26+00:00","dateModified":"2024-09-30T13:41:02+00:00","breadcrumb":{"@id":"https:\/\/salthish.es\/index.php\/fototeca\/#breadcrumb"},"inLanguage":"es","potentialAction":[{"@type":"ReadAction","target":["https:\/\/salthish.es\/index.php\/fototeca\/"]}]},{"@type":"ImageObject","inLanguage":"es","@id":"https:\/\/salthish.es\/index.php\/fototeca\/#primaryimage","url":"https:\/\/salthish.es\/wp-content\/uploads\/2024\/05\/CARTEL-1.jpg","contentUrl":"https:\/\/salthish.es\/wp-content\/uploads\/2024\/05\/CARTEL-1.jpg","width":2048,"height":2048},{"@type":"BreadcrumbList","@id":"https:\/\/salthish.es\/index.php\/fototeca\/#breadcrumb","itemListElement":[{"@type":"ListItem","position":1,"name":"Portada","item":"https:\/\/salthish.es\/"},{"@type":"ListItem","position":2,"name":"Fototeca 2024"}]},{"@type":"WebSite","@id":"https:\/\/salthish.es\/#website","url":"https:\/\/salthish.es\/","name":"CLUB PIRAGÜISMO SALTHISH PUNTA UMBRÍA","description":"Club destinado a la  practica, enseñanza y actividades del piragüismo","publisher":{"@id":"https:\/\/salthish.es\/#organization"},"potentialAction":[{"@type":"SearchAction","target":{"@type":"EntryPoint","urlTemplate":"https:\/\/salthish.es\/?s={search_term_string}"},"query-input":{"@type":"PropertyValueSpecification","valueRequired":true,"valueName":"search_term_string"}}],"inLanguage":"es"},{"@type":"Organization","@id":"https:\/\/salthish.es\/#organization","name":"CLUB PIRAGÜISMO SALTHISH PUNTA UMBRÍA","url":"https:\/\/salthish.es\/","logo":{"@type":"ImageObject","inLanguage":"es","@id":"https:\/\/salthish.es\/#\/schema\/logo\/image\/","url":"https:\/\/salthish.es\/wp-content\/uploads\/2024\/05\/Logo-Monocromo.png","contentUrl":"https:\/\/salthish.es\/wp-content\/uploads\/2024\/05\/Logo-Monocromo.png","width":352,"height":352,"caption":"CLUB PIRAGÜISMO SALTHISH PUNTA UMBRÍA"},"image":{"@id":"https:\/\/salthish.es\/#\/schema\/logo\/image\/"}}]}</script>
<!-- / Yoast SEO plugin. -->

Fototeca 2024 - CLUB PIRAGÜISMO SALTHISH PUNTA UMBRÍA

Cto. Andalucía de Barcos combinados. 21 de septiembre de 2024. C. E. A. R. «La Cartuja» &#8211; Sevilla VI Open de España Paracanoe 28 de septiembre de 2024. Club Escuela Piragüismo Aranjuez

CLUB PIRAGÜISMO SALTHISH PUNTA UMBRÍA

Club destinado a la  practica, enseñanza y actividades del piragüismo
