{"version":"1.0","provider_name":"CLUB PIRAG\u00dcISMO SALTHISH PUNTA UMBR\u00cdA","provider_url":"https:\/\/salthish.es","author_name":"admin","author_url":"https:\/\/salthish.es\/index.php\/author\/miguel\/","title":"II REGATA VIRGEN DEL CARMEN - CLUB PIRAG\u00dcISMO SALTHISH PUNTA UMBR\u00cdA","type":"rich","width":600,"height":338,"html":"<blockquote class=\"wp-embedded-content\" data-secret=\"PcK901rLUw\"><a href=\"https:\/\/salthish.es\/index.php\/2025\/08\/25\/ii-regata-virgen-del-carmen\/\">II REGATA VIRGEN DEL CARMEN<\/a><\/blockquote><iframe sandbox=\"allow-scripts\" security=\"restricted\" src=\"https:\/\/salthish.es\/index.php\/2025\/08\/25\/ii-regata-virgen-del-carmen\/embed\/#?secret=PcK901rLUw\" width=\"600\" height=\"338\" title=\"\u00abII REGATA VIRGEN DEL CARMEN\u00bb \u2014 CLUB PIRAG\u00dcISMO SALTHISH PUNTA UMBR\u00cdA\" data-secret=\"PcK901rLUw\" frameborder=\"0\" marginwidth=\"0\" marginheight=\"0\" scrolling=\"no\" class=\"wp-embedded-content\"><\/iframe><script>\n\/*! This file is auto-generated *\/\n!function(d,l){\"use strict\";l.querySelector&&d.addEventListener&&\"undefined\"!=typeof URL&&(d.wp=d.wp||{},d.wp.receiveEmbedMessage||(d.wp.receiveEmbedMessage=function(e){var t=e.data;if((t||t.secret||t.message||t.value)&&!\/[^a-zA-Z0-9]\/.test(t.secret)){for(var s,r,n,a=l.querySelectorAll('iframe[data-secret=\"'+t.secret+'\"]'),o=l.querySelectorAll('blockquote[data-secret=\"'+t.secret+'\"]'),c=new RegExp(\"^https?:$\",\"i\"),i=0;i<o.length;i++)o[i].style.display=\"none\";for(i=0;i<a.length;i++)s=a[i],e.source===s.contentWindow&&(s.removeAttribute(\"style\"),\"height\"===t.message?(1e3<(r=parseInt(t.value,10))?r=1e3:~~r<200&&(r=200),s.height=r):\"link\"===t.message&&(r=new URL(s.getAttribute(\"src\")),n=new URL(t.value),c.test(n.protocol))&&n.host===r.host&&l.activeElement===s&&(d.top.location.href=t.value))}},d.addEventListener(\"message\",d.wp.receiveEmbedMessage,!1),l.addEventListener(\"DOMContentLoaded\",function(){for(var e,t,s=l.querySelectorAll(\"iframe.wp-embedded-content\"),r=0;r<s.length;r++)(t=(e=s[r]).getAttribute(\"data-secret\"))||(t=Math.random().toString(36).substring(2,12),e.src+=\"#?secret=\"+t,e.setAttribute(\"data-secret\",t)),e.contentWindow.postMessage({message:\"ready\",secret:t},\"*\")},!1)))}(window,document);\n\/\/# sourceURL=https:\/\/salthish.es\/wp-includes\/js\/wp-embed.min.js\n<\/script>\n","thumbnail_url":"https:\/\/salthish.es\/wp-content\/uploads\/2025\/08\/7d70fc94-d902-4452-91d6-bb434cf27291.jpg","thumbnail_width":1600,"thumbnail_height":1131,"description":"Domingo 31 de agosto de 2025, 10:30 primera slaida. Este a\u00f1o la regata de \u00e1mbito local se disputar\u00e1 sobre 200 metros en la r\u00eda, zona diaria de entrenamiento, frente al yacimiento \u00abEl Eucaliptal\u00bb con la participaci\u00f3n de los palistas locales, amigos y nuevos palistas de la escuela de verano y Escuela Krill. Se realizaran entre [&hellip;]"}

CLUB PIRAGÜISMO SALTHISH PUNTA UMBRÍA

II REGATA VIRGEN DEL CARMEN - CLUB PIRAGÜISMO SALTHISH PUNTA UMBRÍA

<blockquote class="wp-embedded-content" data-secret="PcK901rLUw"><a href="https://salthish.es/index.php/2025/08/25/ii-regata-virgen-del-carmen/">II REGATA VIRGEN DEL CARMEN</a></blockquote><iframe sandbox="allow-scripts" security="restricted" src="https://salthish.es/index.php/2025/08/25/ii-regata-virgen-del-carmen/embed/#?secret=PcK901rLUw" width="600" height="338" title="«II REGATA VIRGEN DEL CARMEN» — CLUB PIRAGÜISMO SALTHISH PUNTA UMBRÍA" data-secret="PcK901rLUw" frameborder="0" marginwidth="0" marginheight="0" scrolling="no" class="wp-embedded-content"></iframe><script>
/*! This file is auto-generated */
!function(d,l){"use strict";l.querySelector&&d.addEventListener&&"undefined"!=typeof URL&&(d.wp=d.wp||{},d.wp.receiveEmbedMessage||(d.wp.receiveEmbedMessage=function(e){var t=e.data;if((t||t.secret||t.message||t.value)&&!/[^a-zA-Z0-9]/.test(t.secret)){for(var s,r,n,a=l.querySelectorAll('iframe[data-secret="'+t.secret+'"]'),o=l.querySelectorAll('blockquote[data-secret="'+t.secret+'"]'),c=new RegExp("^https?:$","i"),i=0;i<o.length;i++)o[i].style.display="none";for(i=0;i<a.length;i++)s=a[i],e.source===s.contentWindow&&(s.removeAttribute("style"),"height"===t.message?(1e3<(r=parseInt(t.value,10))?r=1e3:~~r<200&&(r=200),s.height=r):"link"===t.message&&(r=new URL(s.getAttribute("src")),n=new URL(t.value),c.test(n.protocol))&&n.host===r.host&&l.activeElement===s&&(d.top.location.href=t.value))}},d.addEventListener("message",d.wp.receiveEmbedMessage,!1),l.addEventListener("DOMContentLoaded",function(){for(var e,t,s=l.querySelectorAll("iframe.wp-embedded-content"),r=0;r<s.length;r++)(t=(e=s[r]).getAttribute("data-secret"))||(t=Math.random().toString(36).substring(2,12),e.src+="#?secret="+t,e.setAttribute("data-secret",t)),e.contentWindow.postMessage({message:"ready",secret:t},"*")},!1)))}(window,document);
//# sourceURL=https://salthish.es/wp-includes/js/wp-embed.min.js
</script>

Domingo 31 de agosto de 2025, 10:30 primera slaida. Este año la regata de ámbito local se disputará sobre 200 metros en la ría, zona diaria de entrenamiento, frente al yacimiento «El Eucaliptal» con la participación de los palistas locales, amigos y nuevos palistas de la escuela de verano y Escuela Krill. Se realizaran entre [&hellip;]
